 is the units digit of s?
1
Suppose -11*y = -25*y + 40265 + 25661. What is the tens digit of y?
0
Let x(t) = 68*t + 141. Let d(z) = -2*z - 1. Let l(k) = -2*d(k) - x(k). What is the tens digit of l(-17)?
4
Let q(b) = 13*b - 13 - 15*b - 5. Let f = -13 - 8. What is the units digit of q(f)?
4
Suppose -3*w + 607 = 4*a - 525, 0 = 3*w + 2*a - 1124. Suppose -1014 = -6*u + w. What is the tens digit of u?
3
Let o = 40160 + -27560. Suppose -33*q + 12*q + o = 0. What is the units digit of q?
0
Let d(c) = c**2 - c + 15. Let f be d(0). Let p = -13 + f. Suppose 279 = p*a + 89. What is the units digit of a?
5
Let f(l) = 5*l + 11 - 15 - 7 + 50*l**2. What is the hundreds digit of f(2)?
1
Let p = 66 + -64. Let f be p + (3 - 1) + -1 + -3. Suppose -90 = -5*b - n, f*b = -3*b - 2*n + 54. What is the units digit of b?
8
Let i(k) = k**3 + 14*k**2 + 8*k + 6. Let a be i(-16). Let p = 132 - a. What is the units digit of p?
6
Let h = -7430 - -21057. What is the units digit of h?
7
Let d(k) = 6*k - 35. Let n(m) = 98*m - 350. Let c(w) = -11*w + 39. Let v(u) = -35*c(u) - 4*n(u). Let l(o) = -4*d(o) - 3*v(o). What is the units digit of l(-15)?
0
Let a = 1503 - -9102. What is the units digit of a?
5
Suppose 4*x + 632*c - 635*c - 55108 = 0, 5*x = -3*c + 68858. What is the tens digit of x?
7
Suppose 4*h = 38*j - 33*j + 7726, -j = -2. What is the units digit of h?
4
What is the tens digit of 3219/9 + (-160)/96?
5
Let k(z) = -131*z + 29. Let t be k(-11). Suppose t = 10*o - 60. Let x = 218 - o. What is the units digit of x?
5
Let b = 348 + -11. Let j = 48 - 44. Suppose 2*p - b = -5*d - 0*p, 0 = -5*d + j*p + 331. What is the tens digit of d?
6
Suppose 5*r + 39 = 399. Let z = r - 34. Suppose 3*n = 4*n - z. What is the units digit of n?
8
Suppose 0 = -6*v + 24, 3*v - 3272 = -q + 7847. What is the tens digit of q?
0
Let r = -4089 - -7337. What is the units digit of r?
8
Let z = 14 - 11. Suppose p = z*k - 9, k - 4 = 5*p + 13. Suppose -2*s - 104 = -u, -6*u = -k*u - 3*s - 416. What is the units digit of u?
4
Let i = 25484 + -7570. What is the hundreds digit of i?
9
Let v be (5 - 1049/7)*-7. Suppose -4604 = 10*r - v. Let s = -214 - r. What is the units digit of s?
5
Suppose -2*u + 1256 - 1264 = 0. Let s(r) = -119*r + 5. Let z be s(4). What is the units digit of (-2)/u + -1 + z/(-6)?
8
Suppose 581*p - 178594 - 49232 = 527*p. What is the hundreds digit of p?
2
Suppose 2*l + 5580 = 2*u - u, 2*l - 27864 = -5*u. What is the units digit of u?
4
What is the hundreds digit of (1070/(-15))/(-1 + 5410/5430)?
3
Suppose -20650 - 25746 = -14*i. What is the tens digit of i?
1
Suppose -324*r + 86071 = -241*r. What is the hundreds digit of r?
0
Let f be 0*(-5)/90*-6. Suppose 2*k + 2*k - 996 = f. What is the hundreds digit of k?
2
Suppose 2*j - f - f = 8, -3*j - 4*f - 16 = 0. Suppose 0 = q - 5*h - 111 + 14, q + h - 79 = j. Let n = 244 - q. What is the tens digit of n?
6
Suppose 54 = 11*p - 100. What is the hundreds digit of 2/p - (-28217)/49?
5
Let z be (-56)/(-140) - 1213/(-5). Let p = 56 + z. What is the units digit of p?
9
Let f be 5 - 2*3/2. Suppose 0 = 5*l + 4*z - 76, f*l = -3*z - 2*z + 44. Let v = 49 + l. What is the units digit of v?
1
Let g = -742 - -4278. What is the units digit of g?
6
Let i = 100 + -106. What is the tens digit of (33/i)/((-120)/(-16) - 8)?
1
Let d(h) = -262*h + 2372. What is the hundreds digit of d(-8)?
4
Let y = -724 - -523. Let a = 457 - y. What is the units digit of a?
8
Let a be 589 + 20/30*3/2. Suppose -11*z + a = -z. Suppose -d + z + 83 = 0. What is the units digit of d?
2
Suppose -10*s = -17*s + 3227. Suppose s - 3605 = -8*x. What is the tens digit of x?
9
Suppose 5*b = -3*z + 65432, -55*b + 65431 = -50*b + 4*z. What is the tens digit of b?
8
Suppose -3*s + 5*v + 9688 = -1700, 0 = 5*s - 2*v - 18961. What is the thousands digit of s?
3
Let l(i) be the second derivative of -7*i**3/3 + 27*i**2 + 60*i - 1. Suppose -3*c + 15 = -3*q, 0 = -2*q + c - 13 + 2. What is the units digit of l(q)?
8
Let x(l) = -l**2 - 16*l + 20. Let q(c) = c - 24. Let d be q(8). Let p be x(d). Suppose 0 = 4*z + p, -2*i + 0*z = 3*z - 293. What is the tens digit of i?
5
Let n be 4/(-1)*(-65)/(-40)*-2. Suppose -n*d + 114 = -1043. What is the units digit of d?
9
Let s be -3*3*((-476)/(-42) + -5). Let n = 139 - 204. Let v = s - n. What is the units digit of v?
8
Let d(r) = 12*r**2 - 1. Let y be d(1). Suppose -25*x + 24*x = 0. Suppose -6*q - 2*f - 185 = -y*q, -5*f = x. What is the tens digit of q?
3
Let c = -25 + -160. Let p = c + 448. What is the tens digit of p?
6
Suppose -3*u - 4 = -31. Suppose -u = -6*f + 21. Suppose -f*a = -4*q - 128, 4*a + 126 = 9*a - 3*q. What is the tens digit of a?
2
Let l(r) = r**3 - 10*r**2 - 4*r - 18. Let p be l(14). Let w = -181 + p. What is the hundreds digit of w?
5
Suppose -69 + 24 = -5*d. Let j be ((5 + -2)*(-12)/d)/(-1). Suppose 0*t - 2*t = r - 109, 5*t = j*r - 501. What is the hundreds digit of r?
1
Let q(d) = 3*d - 3. Let s be q(-4). Let t = s + 17. Suppose 4*u - 20 = -3*o + t*o, 2*u - 64 = -2*o. What is the tens digit of o?
3
Suppose -4*p = 3*t + t + 1272, -3*t - 959 = -2*p. Let m = t - -643. What is the units digit of m?
4
Suppose 2*t - 102*t - 63*t = -246130. What is the thousands digit of t?
1
What is the thousands digit of (-295 + 294)*(-2996 + 1)?
2
Let o be -2 - 0 - (-5 + 0/(-6)). Suppose -2*i = 4*b - 2270 + 552, -3*b + 1290 = o*i. What is the units digit of b?
9
What is the units digit of 5*((-390968)/(-40) + 10)?
1
Let d(l) = 3*l + 51. Let k be d(-15). What is the tens digit of (-4)/k - 1259*(-1)/3?
1
Let t = 12915 + 3977. What is the hundreds digit of t?
8
Let h = -10902 + 17543. What is the hundreds digit of h?
6
Let h = 50 - 52. What is the hundreds digit of 7107/18 - (4 + h)/(-12)?
3
Suppose 32*w = 30*w + 692. Let s = w - 628. Let j = -151 - s. What is the units digit of j?
1
Let d(v) = 8*v**2 + 125*v + 5223. What is the units digit of d(-32)?
5
Suppose -8*c + 820 = 6820. Let r = -120 - c. What is the tens digit of r?
3
Let o(x) = 11*x - 215. Let u be o(12). Let w = 94 - u. What is the tens digit of w?
7
Let x be ((-48)/15)/(((-6)/355)/3). Let y = -147 + x. What is the units digit of y?
1
Suppose q + 2*w = 21137, 0 = 2476*q - 2472*q - 2*w - 84508. What is the units digit of q?
9
Let p(c) = -c**3 - 6*c**2 + 2*c - 10. Let k be p(-8). Let v = -58 + k. What is the tens digit of ((-52)/44 - (-8)/v) + 75?
7
Suppose -90*y = 360589 - 1364449. What is the units digit of y?
4
Suppose -223*v = -117*v - 114*v + 47128. What is the tens digit of v?
9
Let n be 60/(-2) + (0/1)/4. Let m = -35 - n. What is the units digit of (m/(45/(-6)))/(3/9)?
2
Let z be (-10 + 9)*10*-3. What is the hundreds digit of 3285/z*50/15?
3
Suppose 5*c - 41*n + 46*n - 79710 = 0, 3*n + 21 = 0. What is the ten thousands digit of c?
1
Let l(a) = 26*a**2 + 10. Let z(r) = 3*r + 12. Let p be z(-5). Let f be l(p). Let h = -17 + f. What is the tens digit of h?
2
Let p(o) = 232*o**3 - 13*o**2 - 25*o + 123. What is the thousands digit of p(4)?
4
What is the tens digit of 5 + (-14514)/(-10) - (-22)/(-55)?
5
Let c = 80607 + -46214. What is the thousands digit of c?
4
Let p(k) = 6915*k + 4366. What is the units digit of p(6)?
6
Suppose 2*w = 2*x + 147 + 197, 4*x + 690 = 5*w. Let n = x + 111. Let s = 165 + n. What is the units digit of s?
6
Suppose -35 - 21 = 7*t. Let d(l) = -621*l - 63. Let b(s) = 20*s + 2. Let p(y) = -63*b(y) - 2*d(y). What is the units digit of p(t)?
4
Let t = 599 + -856. Let a = t + 1151. What is the hundreds digit of a?
8
Suppose -3*x = -5*j + 16, -4*x + 2*j - 8 = -2*j. Suppose x*u = 30*u - 40338. What is the hundreds digit of u?
4
Suppose 0 = -9*a + 10*a - 11. Suppose a*o = 15*o - 16. Suppose -4 - o = -4*j. What is the units digit of j?
2
Let y(z) = -z**3 - 4*z**2 + 6*z + 10. Let a be 14/(-4)*(-12)/(-7). What is the units digit of y(a)?
6
Let n(h) = 16*h**2 + 4*h - 6. Let k(p) = 5*p**2 - 4*p - 1. Let a be k(3). Let g = 34 - a. What is the units digit of n(g)?
6
Let r = 286 - 8. Suppose -r*p + 1774 = -276*p. What is the tens digit of p?
8
Suppose 71*c + 35446 = 73*c + 3*v, 5*v = 11*c - 195082. What is the tens digit of c?
3
What is the thousands digit of -2 + (-3)/(-24)*-6 + (-91449)/(-12)?
7
Let h(x) = -31 + 31*x**2 - 4342*x**3 - 35 - 67*x + 4343*x**3. What is the hundreds digit of h(-32